{"id":3898,"date":"2024-07-24T17:42:30","date_gmt":"2024-07-24T20:42:30","guid":{"rendered":"https:\/\/www.spmar.com.br\/web\/?page_id=3898"},"modified":"2024-09-10T10:58:29","modified_gmt":"2024-09-10T13:58:29","slug":"mapa-do-rodoanel","status":"publish","type":"page","link":"https:\/\/www.spmar.com.br\/web\/pedagios\/mapa-do-rodoanel\/","title":{"rendered":"Mapa do Rodoanel"},"content":{"rendered":"\t\t<div data-elementor-type=\"wp-page\" data-elementor-id=\"3898\" class=\"elementor elementor-3898\" data-elementor-post-type=\"page\">\n\t\t\t\t<div class=\"elementor-element elementor-element-fc95a65 e-con-full e-flex e-con e-parent\" data-id=\"fc95a65\" data-element_type=\"container\" data-e-type=\"container\" id=\"spmar-map2\">\n\t\t\t\t<div class=\"elementor-element elementor-element-e5c23d9 elementor-widget elementor-widget-spmarmap\" data-id=\"e5c23d9\" data-element_type=\"widget\" data-e-type=\"widget\" data-widget_type=\"spmarmap.default\">\n\t\t\t\t<div class=\"elementor-widget-container\">\n\t\t\t\t\t    <div id=\"spmar-map\"><\/div>\r\n\r\n    <script src=\"https:\/\/use.fontawesome.com\/releases\/v6.2.0\/js\/all.js\"><\/script>\r\n    <!--prettier - ignore-->\r\n    <script>\r\n      (g => {\r\n        var h, a, k, p = \"The Google Maps JavaScript API\",\r\n          c = \"google\",\r\n          l = \"importLibrary\",\r\n          q = \"__ib__\",\r\n          m = document,\r\n          b = window;\r\n        b = b[c] || (b[c] = {});\r\n        var d = b.maps || (b.maps = {}),\r\n          r = new Set,\r\n          e = new URLSearchParams,\r\n          u = () => h || (h = new Promise(async (f, n) => {\r\n            await (a = m.createElement(\"script\"));\r\n            e.set(\"libraries\", [...r] + \"\");\r\n            for (k in g) e.set(k.replace(\/[A-Z]\/g, t => \"_\" + t[0].toLowerCase()), g[k]);\r\n            e.set(\"callback\", c + \".maps.\" + q);\r\n            a.src = `https:\/\/maps.${c}apis.com\/maps\/api\/js?` + e;\r\n            d[q] = f;\r\n            a.onerror = () => h = n(Error(p + \" could not load.\"));\r\n            a.nonce = m.querySelector(\"script[nonce]\")?.nonce || \"\";\r\n            m.head.append(a)\r\n          }));\r\n        d[l] ? console.warn(p + \" only loads once. Ignoring:\", g) : d[l] = (f, ...n) => r.add(f) && u().then(() => d[l](f,\r\n          ...n))\r\n      })\r\n      ({\r\n        key: \"AIzaSyBKBY3wYaPEew1wvLMGdl1MOF9IRhY3mgQ\",\r\n        v: \"weekly\"\r\n      });\r\n    <\/script>\r\n    <script type=\"module\" src=\"https:\/\/www.spmar.com.br\/web\/wp-content\/plugins\/elementor-spmar-map-widget\/assets\/js\/script.js\"><\/script>\r\n\t\t\t\t<\/div>\n\t\t\t\t<\/div>\n\t\t\t\t<\/div>\n\t\t\t\t<\/div>\n\t\t","protected":false},"excerpt":{"rendered":"","protected":false},"author":8,"featured_media":4175,"parent":4149,"menu_order":4,"comment_status":"closed","ping_status":"closed","template":"elementor_header_footer","meta":{"_acf_changed":false,"inline_featured_image":false,"footnotes":""},"class_list":["post-3898","page","type-page","status-publish","has-post-thumbnail","hentry"],"acf":[],"yoast_head":"<!-- This site is optimized with the Yoast SEO plugin v27.4 - https:\/\/yoast.com\/product\/yoast-seo-wordpress\/ -->\n<title>Mapa do Rodoanel - Somos o caminho que te conecta ao que mais importa!<\/title>\n<meta name=\"robots\" content=\"index, follow, max-snippet:-1, max-image-preview:large, max-video-preview:-1\" \/>\n<link rel=\"canonical\" href=\"https:\/\/www.spmar.com.br\/web\/pedagios\/mapa-do-rodoanel\/\" \/>\n<meta property=\"og:locale\" content=\"pt_BR\" \/>\n<meta property=\"og:type\" content=\"article\" \/>\n<meta property=\"og:title\" content=\"Mapa do Rodoanel - Somos o caminho que te conecta ao que mais importa!\" \/>\n<meta property=\"og:url\" content=\"https:\/\/www.spmar.com.br\/web\/pedagios\/mapa-do-rodoanel\/\" \/>\n<meta property=\"og:site_name\" content=\"Somos o caminho que te conecta ao que mais importa!\" \/>\n<meta property=\"article:publisher\" content=\"https:\/\/www.facebook.com\/spmar.rodoanel\" \/>\n<meta property=\"article:modified_time\" content=\"2024-09-10T13:58:29+00:00\" \/>\n<meta property=\"og:image\" content=\"https:\/\/www.spmar.com.br\/web\/wp-content\/uploads\/2024\/08\/mapa-scaled.jpg\" \/>\n\t<meta property=\"og:image:width\" content=\"2560\" \/>\n\t<meta property=\"og:image:height\" content=\"1440\" \/>\n\t<meta property=\"og:image:type\" content=\"image\/jpeg\" \/>\n<meta name=\"twitter:card\" content=\"summary_large_image\" \/>\n<script type=\"application\/ld+json\" class=\"yoast-schema-graph\">{\"@context\":\"https:\\\/\\\/schema.org\",\"@graph\":[{\"@type\":\"WebPage\",\"@id\":\"https:\\\/\\\/www.spmar.com.br\\\/web\\\/pedagios\\\/mapa-do-rodoanel\\\/\",\"url\":\"https:\\\/\\\/www.spmar.com.br\\\/web\\\/pedagios\\\/mapa-do-rodoanel\\\/\",\"name\":\"Mapa do Rodoanel - Somos o caminho que te conecta ao que mais importa!\",\"isPartOf\":{\"@id\":\"https:\\\/\\\/www.spmar.com.br\\\/web\\\/#website\"},\"primaryImageOfPage\":{\"@id\":\"https:\\\/\\\/www.spmar.com.br\\\/web\\\/pedagios\\\/mapa-do-rodoanel\\\/#primaryimage\"},\"image\":{\"@id\":\"https:\\\/\\\/www.spmar.com.br\\\/web\\\/pedagios\\\/mapa-do-rodoanel\\\/#primaryimage\"},\"thumbnailUrl\":\"https:\\\/\\\/www.spmar.com.br\\\/web\\\/wp-content\\\/uploads\\\/2024\\\/08\\\/mapa-scaled.jpg\",\"datePublished\":\"2024-07-24T20:42:30+00:00\",\"dateModified\":\"2024-09-10T13:58:29+00:00\",\"breadcrumb\":{\"@id\":\"https:\\\/\\\/www.spmar.com.br\\\/web\\\/pedagios\\\/mapa-do-rodoanel\\\/#breadcrumb\"},\"inLanguage\":\"pt-BR\",\"potentialAction\":[{\"@type\":\"ReadAction\",\"target\":[\"https:\\\/\\\/www.spmar.com.br\\\/web\\\/pedagios\\\/mapa-do-rodoanel\\\/\"]}]},{\"@type\":\"ImageObject\",\"inLanguage\":\"pt-BR\",\"@id\":\"https:\\\/\\\/www.spmar.com.br\\\/web\\\/pedagios\\\/mapa-do-rodoanel\\\/#primaryimage\",\"url\":\"https:\\\/\\\/www.spmar.com.br\\\/web\\\/wp-content\\\/uploads\\\/2024\\\/08\\\/mapa-scaled.jpg\",\"contentUrl\":\"https:\\\/\\\/www.spmar.com.br\\\/web\\\/wp-content\\\/uploads\\\/2024\\\/08\\\/mapa-scaled.jpg\",\"width\":2560,\"height\":1440,\"caption\":\"DCIM102MEDIADJI_0366.JPG\"},{\"@type\":\"BreadcrumbList\",\"@id\":\"https:\\\/\\\/www.spmar.com.br\\\/web\\\/pedagios\\\/mapa-do-rodoanel\\\/#breadcrumb\",\"itemListElement\":[{\"@type\":\"ListItem\",\"position\":1,\"name\":\"Home\",\"item\":\"https:\\\/\\\/www.spmar.com.br\\\/web\\\/\"},{\"@type\":\"ListItem\",\"position\":2,\"name\":\"Ped\u00e1gios\",\"item\":\"https:\\\/\\\/www.spmar.com.br\\\/web\\\/pedagios\\\/\"},{\"@type\":\"ListItem\",\"position\":3,\"name\":\"Mapa do Rodoanel\"}]},{\"@type\":\"WebSite\",\"@id\":\"https:\\\/\\\/www.spmar.com.br\\\/web\\\/#website\",\"url\":\"https:\\\/\\\/www.spmar.com.br\\\/web\\\/\",\"name\":\"SPMAR\",\"description\":\"A Concession\u00e1ria SPMAR atua na administra\u00e7\u00e3o dos Trechos Sul e Leste do Rodoanel Mario Covas e, com isso,\u00e9 respons\u00e1vel pela gest\u00e3o de 76% do Rodoanel Metropolitano de S\u00e3o Paulo em opera\u00e7\u00e3o.\",\"publisher\":{\"@id\":\"https:\\\/\\\/www.spmar.com.br\\\/web\\\/#organization\"},\"potentialAction\":[{\"@type\":\"SearchAction\",\"target\":{\"@type\":\"EntryPoint\",\"urlTemplate\":\"https:\\\/\\\/www.spmar.com.br\\\/web\\\/?s={search_term_string}\"},\"query-input\":{\"@type\":\"PropertyValueSpecification\",\"valueRequired\":true,\"valueName\":\"search_term_string\"}}],\"inLanguage\":\"pt-BR\"},{\"@type\":\"Organization\",\"@id\":\"https:\\\/\\\/www.spmar.com.br\\\/web\\\/#organization\",\"name\":\"Concession\u00e1ria SPMAR\",\"url\":\"https:\\\/\\\/www.spmar.com.br\\\/web\\\/\",\"logo\":{\"@type\":\"ImageObject\",\"inLanguage\":\"pt-BR\",\"@id\":\"https:\\\/\\\/www.spmar.com.br\\\/web\\\/#\\\/schema\\\/logo\\\/image\\\/\",\"url\":\"https:\\\/\\\/www.spmar.com.br\\\/web\\\/wp-content\\\/uploads\\\/2017\\\/11\\\/logo_H.jpg\",\"contentUrl\":\"https:\\\/\\\/www.spmar.com.br\\\/web\\\/wp-content\\\/uploads\\\/2017\\\/11\\\/logo_H.jpg\",\"width\":448,\"height\":97,\"caption\":\"Concession\u00e1ria SPMAR\"},\"image\":{\"@id\":\"https:\\\/\\\/www.spmar.com.br\\\/web\\\/#\\\/schema\\\/logo\\\/image\\\/\"},\"sameAs\":[\"https:\\\/\\\/www.facebook.com\\\/spmar.rodoanel\",\"https:\\\/\\\/www.linkedin.com\\\/company\\\/spmarbr\\\/\",\"https:\\\/\\\/www.instagram.com\\\/spmarbr\\\/\"]}]}<\/script>\n<!-- \/ Yoast SEO plugin. -->","yoast_head_json":{"title":"Mapa do Rodoanel - Somos o caminho que te conecta ao que mais importa!","robots":{"index":"index","follow":"follow","max-snippet":"max-snippet:-1","max-image-preview":"max-image-preview:large","max-video-preview":"max-video-preview:-1"},"canonical":"https:\/\/www.spmar.com.br\/web\/pedagios\/mapa-do-rodoanel\/","og_locale":"pt_BR","og_type":"article","og_title":"Mapa do Rodoanel - Somos o caminho que te conecta ao que mais importa!","og_url":"https:\/\/www.spmar.com.br\/web\/pedagios\/mapa-do-rodoanel\/","og_site_name":"Somos o caminho que te conecta ao que mais importa!","article_publisher":"https:\/\/www.facebook.com\/spmar.rodoanel","article_modified_time":"2024-09-10T13:58:29+00:00","og_image":[{"width":2560,"height":1440,"url":"https:\/\/www.spmar.com.br\/web\/wp-content\/uploads\/2024\/08\/mapa-scaled.jpg","type":"image\/jpeg"}],"twitter_card":"summary_large_image","schema":{"@context":"https:\/\/schema.org","@graph":[{"@type":"WebPage","@id":"https:\/\/www.spmar.com.br\/web\/pedagios\/mapa-do-rodoanel\/","url":"https:\/\/www.spmar.com.br\/web\/pedagios\/mapa-do-rodoanel\/","name":"Mapa do Rodoanel - Somos o caminho que te conecta ao que mais importa!","isPartOf":{"@id":"https:\/\/www.spmar.com.br\/web\/#website"},"primaryImageOfPage":{"@id":"https:\/\/www.spmar.com.br\/web\/pedagios\/mapa-do-rodoanel\/#primaryimage"},"image":{"@id":"https:\/\/www.spmar.com.br\/web\/pedagios\/mapa-do-rodoanel\/#primaryimage"},"thumbnailUrl":"https:\/\/www.spmar.com.br\/web\/wp-content\/uploads\/2024\/08\/mapa-scaled.jpg","datePublished":"2024-07-24T20:42:30+00:00","dateModified":"2024-09-10T13:58:29+00:00","breadcrumb":{"@id":"https:\/\/www.spmar.com.br\/web\/pedagios\/mapa-do-rodoanel\/#breadcrumb"},"inLanguage":"pt-BR","potentialAction":[{"@type":"ReadAction","target":["https:\/\/www.spmar.com.br\/web\/pedagios\/mapa-do-rodoanel\/"]}]},{"@type":"ImageObject","inLanguage":"pt-BR","@id":"https:\/\/www.spmar.com.br\/web\/pedagios\/mapa-do-rodoanel\/#primaryimage","url":"https:\/\/www.spmar.com.br\/web\/wp-content\/uploads\/2024\/08\/mapa-scaled.jpg","contentUrl":"https:\/\/www.spmar.com.br\/web\/wp-content\/uploads\/2024\/08\/mapa-scaled.jpg","width":2560,"height":1440,"caption":"DCIM102MEDIADJI_0366.JPG"},{"@type":"BreadcrumbList","@id":"https:\/\/www.spmar.com.br\/web\/pedagios\/mapa-do-rodoanel\/#breadcrumb","itemListElement":[{"@type":"ListItem","position":1,"name":"Home","item":"https:\/\/www.spmar.com.br\/web\/"},{"@type":"ListItem","position":2,"name":"Ped\u00e1gios","item":"https:\/\/www.spmar.com.br\/web\/pedagios\/"},{"@type":"ListItem","position":3,"name":"Mapa do Rodoanel"}]},{"@type":"WebSite","@id":"https:\/\/www.spmar.com.br\/web\/#website","url":"https:\/\/www.spmar.com.br\/web\/","name":"SPMAR","description":"A Concession\u00e1ria SPMAR atua na administra\u00e7\u00e3o dos Trechos Sul e Leste do Rodoanel Mario Covas e, com isso,\u00e9 respons\u00e1vel pela gest\u00e3o de 76% do Rodoanel Metropolitano de S\u00e3o Paulo em opera\u00e7\u00e3o.","publisher":{"@id":"https:\/\/www.spmar.com.br\/web\/#organization"},"potentialAction":[{"@type":"SearchAction","target":{"@type":"EntryPoint","urlTemplate":"https:\/\/www.spmar.com.br\/web\/?s={search_term_string}"},"query-input":{"@type":"PropertyValueSpecification","valueRequired":true,"valueName":"search_term_string"}}],"inLanguage":"pt-BR"},{"@type":"Organization","@id":"https:\/\/www.spmar.com.br\/web\/#organization","name":"Concession\u00e1ria SPMAR","url":"https:\/\/www.spmar.com.br\/web\/","logo":{"@type":"ImageObject","inLanguage":"pt-BR","@id":"https:\/\/www.spmar.com.br\/web\/#\/schema\/logo\/image\/","url":"https:\/\/www.spmar.com.br\/web\/wp-content\/uploads\/2017\/11\/logo_H.jpg","contentUrl":"https:\/\/www.spmar.com.br\/web\/wp-content\/uploads\/2017\/11\/logo_H.jpg","width":448,"height":97,"caption":"Concession\u00e1ria SPMAR"},"image":{"@id":"https:\/\/www.spmar.com.br\/web\/#\/schema\/logo\/image\/"},"sameAs":["https:\/\/www.facebook.com\/spmar.rodoanel","https:\/\/www.linkedin.com\/company\/spmarbr\/","https:\/\/www.instagram.com\/spmarbr\/"]}]}},"jetpack_sharing_enabled":true,"_links":{"self":[{"href":"https:\/\/www.spmar.com.br\/web\/wp-json\/wp\/v2\/pages\/3898","targetHints":{"allow":["GET"]}}],"collection":[{"href":"https:\/\/www.spmar.com.br\/web\/wp-json\/wp\/v2\/pages"}],"about":[{"href":"https:\/\/www.spmar.com.br\/web\/wp-json\/wp\/v2\/types\/page"}],"author":[{"embeddable":true,"href":"https:\/\/www.spmar.com.br\/web\/wp-json\/wp\/v2\/users\/8"}],"replies":[{"embeddable":true,"href":"https:\/\/www.spmar.com.br\/web\/wp-json\/wp\/v2\/comments?post=3898"}],"version-history":[{"count":75,"href":"https:\/\/www.spmar.com.br\/web\/wp-json\/wp\/v2\/pages\/3898\/revisions"}],"predecessor-version":[{"id":4720,"href":"https:\/\/www.spmar.com.br\/web\/wp-json\/wp\/v2\/pages\/3898\/revisions\/4720"}],"up":[{"embeddable":true,"href":"https:\/\/www.spmar.com.br\/web\/wp-json\/wp\/v2\/pages\/4149"}],"wp:featuredmedia":[{"embeddable":true,"href":"https:\/\/www.spmar.com.br\/web\/wp-json\/wp\/v2\/media\/4175"}],"wp:attachment":[{"href":"https:\/\/www.spmar.com.br\/web\/wp-json\/wp\/v2\/media?parent=3898"}],"curies":[{"name":"wp","href":"https:\/\/api.w.org\/{rel}","templated":true}]}}