{"id":177,"date":"2017-08-08T11:02:49","date_gmt":"2017-08-08T14:02:49","guid":{"rendered":"http:\/\/spmar.crpweb.com.br\/?page_id=177"},"modified":"2025-06-30T17:18:34","modified_gmt":"2025-06-30T20:18:34","slug":"tarifas-de-pedagio","status":"publish","type":"page","link":"https:\/\/www.spmar.com.br\/web\/pedagios\/tarifas-de-pedagio\/","title":{"rendered":"Tarifas de ped\u00e1gio"},"content":{"rendered":"\n<p class=\"has-large-font-size\"><\/p>\n\n\n\n<h2 class=\"wp-block-heading\">Tarifas de Ped\u00e1gio<\/h2>\n\n\n\n<figure class=\"wp-block-image size-large\"><img fetchpriority=\"high\" decoding=\"async\" width=\"1024\" height=\"539\" src=\"https:\/\/www.spmar.com.br\/web\/wp-content\/uploads\/2025\/06\/tarifas_sul_07-2025-1024x539.jpeg\" alt=\"\" class=\"wp-image-5178\" srcset=\"https:\/\/www.spmar.com.br\/web\/wp-content\/uploads\/2025\/06\/tarifas_sul_07-2025-1024x539.jpeg 1024w, https:\/\/www.spmar.com.br\/web\/wp-content\/uploads\/2025\/06\/tarifas_sul_07-2025-300x158.jpeg 300w, https:\/\/www.spmar.com.br\/web\/wp-content\/uploads\/2025\/06\/tarifas_sul_07-2025-768x404.jpeg 768w, https:\/\/www.spmar.com.br\/web\/wp-content\/uploads\/2025\/06\/tarifas_sul_07-2025.jpeg 1280w\" sizes=\"(max-width: 1024px) 100vw, 1024px\" \/><\/figure>\n\n\n\n<figure class=\"wp-block-image size-large\"><img decoding=\"async\" width=\"1024\" height=\"538\" src=\"https:\/\/www.spmar.com.br\/web\/wp-content\/uploads\/2025\/06\/tarifas_leste_07-2025-1024x538.jpeg\" alt=\"\" class=\"wp-image-5179\" srcset=\"https:\/\/www.spmar.com.br\/web\/wp-content\/uploads\/2025\/06\/tarifas_leste_07-2025-1024x538.jpeg 1024w, https:\/\/www.spmar.com.br\/web\/wp-content\/uploads\/2025\/06\/tarifas_leste_07-2025-300x158.jpeg 300w, https:\/\/www.spmar.com.br\/web\/wp-content\/uploads\/2025\/06\/tarifas_leste_07-2025-768x404.jpeg 768w, https:\/\/www.spmar.com.br\/web\/wp-content\/uploads\/2025\/06\/tarifas_leste_07-2025.jpeg 1280w\" sizes=\"(max-width: 1024px) 100vw, 1024px\" \/><\/figure>\n\n\n<h2>\u00a0<\/h2>\n<p><strong>Formas de Pagamento<\/strong><br \/>O pagamento da tarifa de ped\u00e1gio pode ser realizado em dinheiro, cart\u00e3o de d\u00e9bito e cr\u00e9dito por aproxima\u00e7\u00e3o, cheque e tags de pagamento autom\u00e1tico (CONECTCAR, MOVEMAIS, SEM PARAR, TAGGY e VELOE).<\/p>\n<p>Para a ades\u00e3o ou informa\u00e7\u00e3o das tags de pagamento do ped\u00e1gio eletr\u00f4nico, orientamos voc\u00ea a se informar nas empresas operadoras do servi\u00e7o:<\/p>\n<p><a href=\"http:\/\/www.conectcar.com\"><img decoding=\"async\" class=\"alignnone wp-image-2047 size-full\" src=\"https:\/\/www.spmar.com.br\/web\/wp-content\/uploads\/2020\/04\/logo1-conectcar-normal.png\" alt=\"\" width=\"110\" height=\"110\" \/><\/a><a href=\"http:\/\/www.movemais.com\"><img loading=\"lazy\" decoding=\"async\" class=\"size-medium wp-image-2048 alignnone\" src=\"https:\/\/www.spmar.com.br\/web\/wp-content\/uploads\/2020\/04\/logo2-movemais-normal.png\" alt=\"\" width=\"110\" height=\"110\" \/><\/a><a href=\"http:\/\/www.semparar.com.br\"><img loading=\"lazy\" decoding=\"async\" class=\"size-medium wp-image-2049 alignnone\" src=\"https:\/\/www.spmar.com.br\/web\/wp-content\/uploads\/2020\/04\/logo3-semparar-normal.png\" alt=\"\" width=\"110\" height=\"110\" \/><\/a><a href=\"https:\/\/taggy.com.br\/ParceirosComerciais\"><img loading=\"lazy\" decoding=\"async\" class=\"alignnone wp-image-2050 size-full\" src=\"https:\/\/www.spmar.com.br\/web\/wp-content\/uploads\/2020\/04\/logo4-taggy-normal.png\" alt=\"\" width=\"110\" height=\"110\" \/><\/a><a href=\"http:\/\/www.veloe.com.br\"><img loading=\"lazy\" decoding=\"async\" class=\"size-medium wp-image-2051 alignnone\" src=\"https:\/\/www.spmar.com.br\/web\/wp-content\/uploads\/2020\/04\/logo5-veloe-normal.png\" alt=\"\" width=\"110\" height=\"110\" \/><\/a><\/p>\n<p><strong>Evolu\u00e7\u00e3o das tarifas nos \u00faltimos cinco anos<\/strong><\/p>\n<p>Em cumprimento ao par\u00e1grafo 5\u00ba do artigo 9\u00ba da Lei Federal n\u00ba 8987\/95, a concession\u00e1ria SPMAR informa aos seus usu\u00e1rios o valor de todas as tarifas cobradas e a evolu\u00e7\u00e3o das revis\u00f5es e reajustes ocorridos nos \u00faltimos cinco anos.<\/p>\n<p><a href=\"https:\/\/www.spmar.com.br\/web\/pedagio\/tarifas-de-pedagio\/evolucao-das-tarifas\/\"><strong>Clique aqui<\/strong><\/a> para visualizar a evolu\u00e7\u00e3o nos \u00faltimos cinco anos.<\/p>","protected":false},"excerpt":{"rendered":"<p>Tarifas de Ped\u00e1gio \u00a0 Formas de PagamentoO pagamento da tarifa de ped\u00e1gio pode ser realizado em dinheiro, cart\u00e3o de d\u00e9bito e cr\u00e9dito por aproxima\u00e7\u00e3o, cheque e tags de pagamento autom\u00e1tico (CONECTCAR, MOVEMAIS, SEM PARAR, TAGGY e VELOE). Para a ades\u00e3o ou informa\u00e7\u00e3o das tags de pagamento do ped\u00e1gio eletr\u00f4nico, orientamos voc\u00ea a se informar nas [&hellip;]<\/p>\n","protected":false},"author":1,"featured_media":4176,"parent":4149,"menu_order":1,"comment_status":"closed","ping_status":"closed","template":"","meta":{"_acf_changed":false,"inline_featured_image":false,"footnotes":""},"class_list":["post-177","page","type-page","status-publish","has-post-thumbnail","hentry"],"acf":[],"yoast_head":"<!-- This site is optimized with the Yoast SEO plugin v27.4 - https:\/\/yoast.com\/product\/yoast-seo-wordpress\/ -->\n<title>Tarifas de ped\u00e1gio - Somos o caminho que te conecta ao que mais importa!<\/title>\n<meta name=\"robots\" content=\"index, follow, max-snippet:-1, max-image-preview:large, max-video-preview:-1\" \/>\n<link rel=\"canonical\" href=\"https:\/\/www.spmar.com.br\/web\/pedagios\/tarifas-de-pedagio\/\" \/>\n<meta property=\"og:locale\" content=\"pt_BR\" \/>\n<meta property=\"og:type\" content=\"article\" \/>\n<meta property=\"og:title\" content=\"Tarifas de ped\u00e1gio - Somos o caminho que te conecta ao que mais importa!\" \/>\n<meta property=\"og:description\" content=\"Tarifas de Ped\u00e1gio \u00a0 Formas de PagamentoO pagamento da tarifa de ped\u00e1gio pode ser realizado em dinheiro, cart\u00e3o de d\u00e9bito e cr\u00e9dito por aproxima\u00e7\u00e3o, cheque e tags de pagamento autom\u00e1tico (CONECTCAR, MOVEMAIS, SEM PARAR, TAGGY e VELOE). Para a ades\u00e3o ou informa\u00e7\u00e3o das tags de pagamento do ped\u00e1gio eletr\u00f4nico, orientamos voc\u00ea a se informar nas [&hellip;]\" \/>\n<meta property=\"og:url\" content=\"https:\/\/www.spmar.com.br\/web\/pedagios\/tarifas-de-pedagio\/\" \/>\n<meta property=\"og:site_name\" content=\"Somos o caminho que te conecta ao que mais importa!\" \/>\n<meta property=\"article:publisher\" content=\"https:\/\/www.facebook.com\/spmar.rodoanel\" \/>\n<meta property=\"article:modified_time\" content=\"2025-06-30T20:18:34+00:00\" \/>\n<meta property=\"og:image\" content=\"https:\/\/www.spmar.com.br\/web\/wp-content\/uploads\/2024\/08\/tarifas-scaled.jpg\" \/>\n\t<meta property=\"og:image:width\" content=\"2560\" \/>\n\t<meta property=\"og:image:height\" content=\"1707\" \/>\n\t<meta property=\"og:image:type\" content=\"image\/jpeg\" \/>\n<meta name=\"twitter:card\" content=\"summary_large_image\" \/>\n<meta name=\"twitter:label1\" content=\"Est. tempo de leitura\" \/>\n\t<meta name=\"twitter:data1\" content=\"3 minutos\" \/>\n<script type=\"application\/ld+json\" class=\"yoast-schema-graph\">{\"@context\":\"https:\\\/\\\/schema.org\",\"@graph\":[{\"@type\":\"WebPage\",\"@id\":\"https:\\\/\\\/www.spmar.com.br\\\/web\\\/pedagios\\\/tarifas-de-pedagio\\\/\",\"url\":\"https:\\\/\\\/www.spmar.com.br\\\/web\\\/pedagios\\\/tarifas-de-pedagio\\\/\",\"name\":\"Tarifas de ped\u00e1gio - Somos o caminho que te conecta ao que mais importa!\",\"isPartOf\":{\"@id\":\"https:\\\/\\\/www.spmar.com.br\\\/web\\\/#website\"},\"primaryImageOfPage\":{\"@id\":\"https:\\\/\\\/www.spmar.com.br\\\/web\\\/pedagios\\\/tarifas-de-pedagio\\\/#primaryimage\"},\"image\":{\"@id\":\"https:\\\/\\\/www.spmar.com.br\\\/web\\\/pedagios\\\/tarifas-de-pedagio\\\/#primaryimage\"},\"thumbnailUrl\":\"https:\\\/\\\/www.spmar.com.br\\\/web\\\/wp-content\\\/uploads\\\/2024\\\/08\\\/tarifas-scaled.jpg\",\"datePublished\":\"2017-08-08T14:02:49+00:00\",\"dateModified\":\"2025-06-30T20:18:34+00:00\",\"breadcrumb\":{\"@id\":\"https:\\\/\\\/www.spmar.com.br\\\/web\\\/pedagios\\\/tarifas-de-pedagio\\\/#breadcrumb\"},\"inLanguage\":\"pt-BR\",\"potentialAction\":[{\"@type\":\"ReadAction\",\"target\":[\"https:\\\/\\\/www.spmar.com.br\\\/web\\\/pedagios\\\/tarifas-de-pedagio\\\/\"]}]},{\"@type\":\"ImageObject\",\"inLanguage\":\"pt-BR\",\"@id\":\"https:\\\/\\\/www.spmar.com.br\\\/web\\\/pedagios\\\/tarifas-de-pedagio\\\/#primaryimage\",\"url\":\"https:\\\/\\\/www.spmar.com.br\\\/web\\\/wp-content\\\/uploads\\\/2024\\\/08\\\/tarifas-scaled.jpg\",\"contentUrl\":\"https:\\\/\\\/www.spmar.com.br\\\/web\\\/wp-content\\\/uploads\\\/2024\\\/08\\\/tarifas-scaled.jpg\",\"width\":2560,\"height\":1707},{\"@type\":\"BreadcrumbList\",\"@id\":\"https:\\\/\\\/www.spmar.com.br\\\/web\\\/pedagios\\\/tarifas-de-pedagio\\\/#breadcrumb\",\"itemListElement\":[{\"@type\":\"ListItem\",\"position\":1,\"name\":\"Home\",\"item\":\"https:\\\/\\\/www.spmar.com.br\\\/web\\\/\"},{\"@type\":\"ListItem\",\"position\":2,\"name\":\"Ped\u00e1gios\",\"item\":\"https:\\\/\\\/www.spmar.com.br\\\/web\\\/pedagios\\\/\"},{\"@type\":\"ListItem\",\"position\":3,\"name\":\"Tarifas de ped\u00e1gio\"}]},{\"@type\":\"WebSite\",\"@id\":\"https:\\\/\\\/www.spmar.com.br\\\/web\\\/#website\",\"url\":\"https:\\\/\\\/www.spmar.com.br\\\/web\\\/\",\"name\":\"SPMAR\",\"description\":\"A Concession\u00e1ria SPMAR atua na administra\u00e7\u00e3o dos Trechos Sul e Leste do Rodoanel Mario Covas e, com isso,\u00e9 respons\u00e1vel pela gest\u00e3o de 76% do Rodoanel Metropolitano de S\u00e3o Paulo em opera\u00e7\u00e3o.\",\"publisher\":{\"@id\":\"https:\\\/\\\/www.spmar.com.br\\\/web\\\/#organization\"},\"potentialAction\":[{\"@type\":\"SearchAction\",\"target\":{\"@type\":\"EntryPoint\",\"urlTemplate\":\"https:\\\/\\\/www.spmar.com.br\\\/web\\\/?s={search_term_string}\"},\"query-input\":{\"@type\":\"PropertyValueSpecification\",\"valueRequired\":true,\"valueName\":\"search_term_string\"}}],\"inLanguage\":\"pt-BR\"},{\"@type\":\"Organization\",\"@id\":\"https:\\\/\\\/www.spmar.com.br\\\/web\\\/#organization\",\"name\":\"Concession\u00e1ria SPMAR\",\"url\":\"https:\\\/\\\/www.spmar.com.br\\\/web\\\/\",\"logo\":{\"@type\":\"ImageObject\",\"inLanguage\":\"pt-BR\",\"@id\":\"https:\\\/\\\/www.spmar.com.br\\\/web\\\/#\\\/schema\\\/logo\\\/image\\\/\",\"url\":\"https:\\\/\\\/www.spmar.com.br\\\/web\\\/wp-content\\\/uploads\\\/2017\\\/11\\\/logo_H.jpg\",\"contentUrl\":\"https:\\\/\\\/www.spmar.com.br\\\/web\\\/wp-content\\\/uploads\\\/2017\\\/11\\\/logo_H.jpg\",\"width\":448,\"height\":97,\"caption\":\"Concession\u00e1ria SPMAR\"},\"image\":{\"@id\":\"https:\\\/\\\/www.spmar.com.br\\\/web\\\/#\\\/schema\\\/logo\\\/image\\\/\"},\"sameAs\":[\"https:\\\/\\\/www.facebook.com\\\/spmar.rodoanel\",\"https:\\\/\\\/www.linkedin.com\\\/company\\\/spmarbr\\\/\",\"https:\\\/\\\/www.instagram.com\\\/spmarbr\\\/\"]}]}<\/script>\n<!-- \/ Yoast SEO plugin. -->","yoast_head_json":{"title":"Tarifas de ped\u00e1gio - Somos o caminho que te conecta ao que mais importa!","robots":{"index":"index","follow":"follow","max-snippet":"max-snippet:-1","max-image-preview":"max-image-preview:large","max-video-preview":"max-video-preview:-1"},"canonical":"https:\/\/www.spmar.com.br\/web\/pedagios\/tarifas-de-pedagio\/","og_locale":"pt_BR","og_type":"article","og_title":"Tarifas de ped\u00e1gio - Somos o caminho que te conecta ao que mais importa!","og_description":"Tarifas de Ped\u00e1gio \u00a0 Formas de PagamentoO pagamento da tarifa de ped\u00e1gio pode ser realizado em dinheiro, cart\u00e3o de d\u00e9bito e cr\u00e9dito por aproxima\u00e7\u00e3o, cheque e tags de pagamento autom\u00e1tico (CONECTCAR, MOVEMAIS, SEM PARAR, TAGGY e VELOE). Para a ades\u00e3o ou informa\u00e7\u00e3o das tags de pagamento do ped\u00e1gio eletr\u00f4nico, orientamos voc\u00ea a se informar nas [&hellip;]","og_url":"https:\/\/www.spmar.com.br\/web\/pedagios\/tarifas-de-pedagio\/","og_site_name":"Somos o caminho que te conecta ao que mais importa!","article_publisher":"https:\/\/www.facebook.com\/spmar.rodoanel","article_modified_time":"2025-06-30T20:18:34+00:00","og_image":[{"width":2560,"height":1707,"url":"https:\/\/www.spmar.com.br\/web\/wp-content\/uploads\/2024\/08\/tarifas-scaled.jpg","type":"image\/jpeg"}],"twitter_card":"summary_large_image","twitter_misc":{"Est. tempo de leitura":"3 minutos"},"schema":{"@context":"https:\/\/schema.org","@graph":[{"@type":"WebPage","@id":"https:\/\/www.spmar.com.br\/web\/pedagios\/tarifas-de-pedagio\/","url":"https:\/\/www.spmar.com.br\/web\/pedagios\/tarifas-de-pedagio\/","name":"Tarifas de ped\u00e1gio - Somos o caminho que te conecta ao que mais importa!","isPartOf":{"@id":"https:\/\/www.spmar.com.br\/web\/#website"},"primaryImageOfPage":{"@id":"https:\/\/www.spmar.com.br\/web\/pedagios\/tarifas-de-pedagio\/#primaryimage"},"image":{"@id":"https:\/\/www.spmar.com.br\/web\/pedagios\/tarifas-de-pedagio\/#primaryimage"},"thumbnailUrl":"https:\/\/www.spmar.com.br\/web\/wp-content\/uploads\/2024\/08\/tarifas-scaled.jpg","datePublished":"2017-08-08T14:02:49+00:00","dateModified":"2025-06-30T20:18:34+00:00","breadcrumb":{"@id":"https:\/\/www.spmar.com.br\/web\/pedagios\/tarifas-de-pedagio\/#breadcrumb"},"inLanguage":"pt-BR","potentialAction":[{"@type":"ReadAction","target":["https:\/\/www.spmar.com.br\/web\/pedagios\/tarifas-de-pedagio\/"]}]},{"@type":"ImageObject","inLanguage":"pt-BR","@id":"https:\/\/www.spmar.com.br\/web\/pedagios\/tarifas-de-pedagio\/#primaryimage","url":"https:\/\/www.spmar.com.br\/web\/wp-content\/uploads\/2024\/08\/tarifas-scaled.jpg","contentUrl":"https:\/\/www.spmar.com.br\/web\/wp-content\/uploads\/2024\/08\/tarifas-scaled.jpg","width":2560,"height":1707},{"@type":"BreadcrumbList","@id":"https:\/\/www.spmar.com.br\/web\/pedagios\/tarifas-de-pedagio\/#breadcrumb","itemListElement":[{"@type":"ListItem","position":1,"name":"Home","item":"https:\/\/www.spmar.com.br\/web\/"},{"@type":"ListItem","position":2,"name":"Ped\u00e1gios","item":"https:\/\/www.spmar.com.br\/web\/pedagios\/"},{"@type":"ListItem","position":3,"name":"Tarifas de ped\u00e1gio"}]},{"@type":"WebSite","@id":"https:\/\/www.spmar.com.br\/web\/#website","url":"https:\/\/www.spmar.com.br\/web\/","name":"SPMAR","description":"A Concession\u00e1ria SPMAR atua na administra\u00e7\u00e3o dos Trechos Sul e Leste do Rodoanel Mario Covas e, com isso,\u00e9 respons\u00e1vel pela gest\u00e3o de 76% do Rodoanel Metropolitano de S\u00e3o Paulo em opera\u00e7\u00e3o.","publisher":{"@id":"https:\/\/www.spmar.com.br\/web\/#organization"},"potentialAction":[{"@type":"SearchAction","target":{"@type":"EntryPoint","urlTemplate":"https:\/\/www.spmar.com.br\/web\/?s={search_term_string}"},"query-input":{"@type":"PropertyValueSpecification","valueRequired":true,"valueName":"search_term_string"}}],"inLanguage":"pt-BR"},{"@type":"Organization","@id":"https:\/\/www.spmar.com.br\/web\/#organization","name":"Concession\u00e1ria SPMAR","url":"https:\/\/www.spmar.com.br\/web\/","logo":{"@type":"ImageObject","inLanguage":"pt-BR","@id":"https:\/\/www.spmar.com.br\/web\/#\/schema\/logo\/image\/","url":"https:\/\/www.spmar.com.br\/web\/wp-content\/uploads\/2017\/11\/logo_H.jpg","contentUrl":"https:\/\/www.spmar.com.br\/web\/wp-content\/uploads\/2017\/11\/logo_H.jpg","width":448,"height":97,"caption":"Concession\u00e1ria SPMAR"},"image":{"@id":"https:\/\/www.spmar.com.br\/web\/#\/schema\/logo\/image\/"},"sameAs":["https:\/\/www.facebook.com\/spmar.rodoanel","https:\/\/www.linkedin.com\/company\/spmarbr\/","https:\/\/www.instagram.com\/spmarbr\/"]}]}},"jetpack_sharing_enabled":true,"_links":{"self":[{"href":"https:\/\/www.spmar.com.br\/web\/wp-json\/wp\/v2\/pages\/177","targetHints":{"allow":["GET"]}}],"collection":[{"href":"https:\/\/www.spmar.com.br\/web\/wp-json\/wp\/v2\/pages"}],"about":[{"href":"https:\/\/www.spmar.com.br\/web\/wp-json\/wp\/v2\/types\/page"}],"author":[{"embeddable":true,"href":"https:\/\/www.spmar.com.br\/web\/wp-json\/wp\/v2\/users\/1"}],"replies":[{"embeddable":true,"href":"https:\/\/www.spmar.com.br\/web\/wp-json\/wp\/v2\/comments?post=177"}],"version-history":[{"count":55,"href":"https:\/\/www.spmar.com.br\/web\/wp-json\/wp\/v2\/pages\/177\/revisions"}],"predecessor-version":[{"id":5181,"href":"https:\/\/www.spmar.com.br\/web\/wp-json\/wp\/v2\/pages\/177\/revisions\/5181"}],"up":[{"embeddable":true,"href":"https:\/\/www.spmar.com.br\/web\/wp-json\/wp\/v2\/pages\/4149"}],"wp:featuredmedia":[{"embeddable":true,"href":"https:\/\/www.spmar.com.br\/web\/wp-json\/wp\/v2\/media\/4176"}],"wp:attachment":[{"href":"https:\/\/www.spmar.com.br\/web\/wp-json\/wp\/v2\/media?parent=177"}],"curies":[{"name":"wp","href":"https:\/\/api.w.org\/{rel}","templated":true}]}}