{"id":111,"date":"2017-08-08T09:27:21","date_gmt":"2017-08-08T12:27:21","guid":{"rendered":"http:\/\/spmar.crpweb.com.br\/?page_id=111"},"modified":"2026-01-23T15:06:16","modified_gmt":"2026-01-23T18:06:16","slug":"cargas-especiais","status":"publish","type":"page","link":"https:\/\/www.spmar.com.br\/web\/servicos\/cargas-especiais\/","title":{"rendered":"Cargas Especiais"},"content":{"rendered":"<h2>Cargas Especiais<\/h2>\n<p>Para trafegar nos trechos Sul e Leste do Rodoanel M\u00e1rio Covas, administrado pela SPMAR, a legisla\u00e7\u00e3o estadual (Portaria 064\/016 do DER\/SP) prev\u00ea que toda carga excepcional que exceder ao menos um dos limites listados abaixo deve ter o tr\u00e2nsito programado junto \u00e0 Concession\u00e1ria <strong><u>com anteced\u00eancia m\u00ednima de 24 horas da data de tr\u00e2nsito pretendido.<\/u><\/strong><\/p>\n<p><img decoding=\"async\" src=\"http:\/\/spmar.crpweb.com.br\/wp-content\/uploads\/2018\/07\/cargas-especiais.jpg\" alt=\"\" \/><\/p>\n<p>Largura igual ou maior que<strong> 4,50 m<\/strong><br \/>Altura igual ou maior que <strong>5,40 m<\/strong><br \/>Comprimento igual ou maior que <strong>35,00 m<\/strong><br \/>Peso Bruto Total maior que <strong>100,00 t<\/strong><\/p>\n<p>A solicita\u00e7\u00e3o de programa\u00e7\u00e3o dever\u00e1 ser feita por e-mail (<strong><a href=\"mailto:aet@spmar.com.br\">aet@spmar.com.br<\/a><\/strong>), anexando uma c\u00f3pia da AET frente e verso, juntamente com seus anexos quando houver.<\/p>\n<p>Em caso de d\u00favidas ou para informa\u00e7\u00f5es sobre tarifas, datas e hor\u00e1rios dispon\u00edveis para agendamento, utilize o e-mail: <strong><a href=\"mailto:aet@spmar.com.br\">aet@spmar.com.br<\/a><\/strong><\/p>\n<p><strong>Hor\u00e1rio de atendimento:<\/strong><\/p>\n<p>Dias \u00fateis, de segunda-feira a quinta-feira, das 08h \u00e0s 18h e sexta-feira, das 08h \u00e0s 17h.<\/p>\n<p>\u00a0<\/p>\n<p><strong style=\"font-size: revert; color: initial;\">Restri\u00e7\u00f5es ao tr\u00e1fego de cargas excedentes &#8211; 2026<\/strong><\/p>\n<p>Acesse aqui:<\/p>\n<p><a href=\"https:\/\/www.spmar.com.br\/web\/Restri%C3%A7%C3%A3o%20ao%20Tr%C3%A1fego%20de%20Cargas%20Excedentes%20%E2%80%93%202026.pdf\">http:\/\/Restri\u00e7\u00e3o ao Tr\u00e1fego de Cargas Excedentes \u2013 2026.pdf<\/a><\/p>\n<p><\/p>\n\n\n<p><\/p>\n","protected":false},"excerpt":{"rendered":"<p>Cargas Especiais Para trafegar nos trechos Sul e Leste do Rodoanel M\u00e1rio Covas, administrado pela SPMAR, a legisla\u00e7\u00e3o estadual (Portaria 064\/016 do DER\/SP) prev\u00ea que toda carga excepcional que exceder ao menos um dos limites listados abaixo deve ter o tr\u00e2nsito programado junto \u00e0 Concession\u00e1ria com anteced\u00eancia m\u00ednima de 24 horas da data de tr\u00e2nsito [&hellip;]<\/p>\n","protected":false},"author":1,"featured_media":3966,"parent":18,"menu_order":4,"comment_status":"closed","ping_status":"closed","template":"","meta":{"_acf_changed":false,"inline_featured_image":false,"footnotes":""},"class_list":["post-111","page","type-page","status-publish","has-post-thumbnail","hentry"],"acf":[],"yoast_head":"<!-- This site is optimized with the Yoast SEO plugin v27.4 - https:\/\/yoast.com\/product\/yoast-seo-wordpress\/ -->\n<title>Cargas Especiais - Somos o caminho que te conecta ao que mais importa!<\/title>\n<meta name=\"robots\" content=\"index, follow, max-snippet:-1, max-image-preview:large, max-video-preview:-1\" \/>\n<link rel=\"canonical\" href=\"https:\/\/www.spmar.com.br\/web\/servicos\/cargas-especiais\/\" \/>\n<meta property=\"og:locale\" content=\"pt_BR\" \/>\n<meta property=\"og:type\" content=\"article\" \/>\n<meta property=\"og:title\" content=\"Cargas Especiais - Somos o caminho que te conecta ao que mais importa!\" \/>\n<meta property=\"og:description\" content=\"Cargas Especiais Para trafegar nos trechos Sul e Leste do Rodoanel M\u00e1rio Covas, administrado pela SPMAR, a legisla\u00e7\u00e3o estadual (Portaria 064\/016 do DER\/SP) prev\u00ea que toda carga excepcional que exceder ao menos um dos limites listados abaixo deve ter o tr\u00e2nsito programado junto \u00e0 Concession\u00e1ria com anteced\u00eancia m\u00ednima de 24 horas da data de tr\u00e2nsito [&hellip;]\" \/>\n<meta property=\"og:url\" content=\"https:\/\/www.spmar.com.br\/web\/servicos\/cargas-especiais\/\" \/>\n<meta property=\"og:site_name\" content=\"Somos o caminho que te conecta ao que mais importa!\" \/>\n<meta property=\"article:publisher\" content=\"https:\/\/www.facebook.com\/spmar.rodoanel\" \/>\n<meta property=\"article:modified_time\" content=\"2026-01-23T18:06:16+00:00\" \/>\n<meta property=\"og:image\" content=\"https:\/\/www.spmar.com.br\/web\/wp-content\/uploads\/2024\/07\/cargaespecial_provisorio.webp\" \/>\n\t<meta property=\"og:image:width\" content=\"1106\" \/>\n\t<meta property=\"og:image:height\" content=\"1194\" \/>\n\t<meta property=\"og:image:type\" content=\"image\/webp\" \/>\n<meta name=\"twitter:card\" content=\"summary_large_image\" \/>\n<meta name=\"twitter:label1\" content=\"Est. tempo de leitura\" \/>\n\t<meta name=\"twitter:data1\" content=\"2 minutos\" \/>\n<script type=\"application\/ld+json\" class=\"yoast-schema-graph\">{\"@context\":\"https:\\\/\\\/schema.org\",\"@graph\":[{\"@type\":\"WebPage\",\"@id\":\"https:\\\/\\\/www.spmar.com.br\\\/web\\\/servicos\\\/cargas-especiais\\\/\",\"url\":\"https:\\\/\\\/www.spmar.com.br\\\/web\\\/servicos\\\/cargas-especiais\\\/\",\"name\":\"Cargas Especiais - Somos o caminho que te conecta ao que mais importa!\",\"isPartOf\":{\"@id\":\"https:\\\/\\\/www.spmar.com.br\\\/web\\\/#website\"},\"primaryImageOfPage\":{\"@id\":\"https:\\\/\\\/www.spmar.com.br\\\/web\\\/servicos\\\/cargas-especiais\\\/#primaryimage\"},\"image\":{\"@id\":\"https:\\\/\\\/www.spmar.com.br\\\/web\\\/servicos\\\/cargas-especiais\\\/#primaryimage\"},\"thumbnailUrl\":\"https:\\\/\\\/www.spmar.com.br\\\/web\\\/wp-content\\\/uploads\\\/2024\\\/07\\\/cargaespecial_provisorio.webp\",\"datePublished\":\"2017-08-08T12:27:21+00:00\",\"dateModified\":\"2026-01-23T18:06:16+00:00\",\"breadcrumb\":{\"@id\":\"https:\\\/\\\/www.spmar.com.br\\\/web\\\/servicos\\\/cargas-especiais\\\/#breadcrumb\"},\"inLanguage\":\"pt-BR\",\"potentialAction\":[{\"@type\":\"ReadAction\",\"target\":[\"https:\\\/\\\/www.spmar.com.br\\\/web\\\/servicos\\\/cargas-especiais\\\/\"]}]},{\"@type\":\"ImageObject\",\"inLanguage\":\"pt-BR\",\"@id\":\"https:\\\/\\\/www.spmar.com.br\\\/web\\\/servicos\\\/cargas-especiais\\\/#primaryimage\",\"url\":\"https:\\\/\\\/www.spmar.com.br\\\/web\\\/wp-content\\\/uploads\\\/2024\\\/07\\\/cargaespecial_provisorio.webp\",\"contentUrl\":\"https:\\\/\\\/www.spmar.com.br\\\/web\\\/wp-content\\\/uploads\\\/2024\\\/07\\\/cargaespecial_provisorio.webp\",\"width\":1106,\"height\":1194},{\"@type\":\"BreadcrumbList\",\"@id\":\"https:\\\/\\\/www.spmar.com.br\\\/web\\\/servicos\\\/cargas-especiais\\\/#breadcrumb\",\"itemListElement\":[{\"@type\":\"ListItem\",\"position\":1,\"name\":\"Home\",\"item\":\"https:\\\/\\\/www.spmar.com.br\\\/web\\\/\"},{\"@type\":\"ListItem\",\"position\":2,\"name\":\"Atendimento ao Usu\u00e1rio\",\"item\":\"https:\\\/\\\/www.spmar.com.br\\\/web\\\/servicos\\\/\"},{\"@type\":\"ListItem\",\"position\":3,\"name\":\"Cargas Especiais\"}]},{\"@type\":\"WebSite\",\"@id\":\"https:\\\/\\\/www.spmar.com.br\\\/web\\\/#website\",\"url\":\"https:\\\/\\\/www.spmar.com.br\\\/web\\\/\",\"name\":\"SPMAR\",\"description\":\"A Concession\u00e1ria SPMAR atua na administra\u00e7\u00e3o dos Trechos Sul e Leste do Rodoanel Mario Covas e, com isso,\u00e9 respons\u00e1vel pela gest\u00e3o de 76% do Rodoanel Metropolitano de S\u00e3o Paulo em opera\u00e7\u00e3o.\",\"publisher\":{\"@id\":\"https:\\\/\\\/www.spmar.com.br\\\/web\\\/#organization\"},\"potentialAction\":[{\"@type\":\"SearchAction\",\"target\":{\"@type\":\"EntryPoint\",\"urlTemplate\":\"https:\\\/\\\/www.spmar.com.br\\\/web\\\/?s={search_term_string}\"},\"query-input\":{\"@type\":\"PropertyValueSpecification\",\"valueRequired\":true,\"valueName\":\"search_term_string\"}}],\"inLanguage\":\"pt-BR\"},{\"@type\":\"Organization\",\"@id\":\"https:\\\/\\\/www.spmar.com.br\\\/web\\\/#organization\",\"name\":\"Concession\u00e1ria SPMAR\",\"url\":\"https:\\\/\\\/www.spmar.com.br\\\/web\\\/\",\"logo\":{\"@type\":\"ImageObject\",\"inLanguage\":\"pt-BR\",\"@id\":\"https:\\\/\\\/www.spmar.com.br\\\/web\\\/#\\\/schema\\\/logo\\\/image\\\/\",\"url\":\"https:\\\/\\\/www.spmar.com.br\\\/web\\\/wp-content\\\/uploads\\\/2017\\\/11\\\/logo_H.jpg\",\"contentUrl\":\"https:\\\/\\\/www.spmar.com.br\\\/web\\\/wp-content\\\/uploads\\\/2017\\\/11\\\/logo_H.jpg\",\"width\":448,\"height\":97,\"caption\":\"Concession\u00e1ria SPMAR\"},\"image\":{\"@id\":\"https:\\\/\\\/www.spmar.com.br\\\/web\\\/#\\\/schema\\\/logo\\\/image\\\/\"},\"sameAs\":[\"https:\\\/\\\/www.facebook.com\\\/spmar.rodoanel\",\"https:\\\/\\\/www.linkedin.com\\\/company\\\/spmarbr\\\/\",\"https:\\\/\\\/www.instagram.com\\\/spmarbr\\\/\"]}]}<\/script>\n<!-- \/ Yoast SEO plugin. -->","yoast_head_json":{"title":"Cargas Especiais - Somos o caminho que te conecta ao que mais importa!","robots":{"index":"index","follow":"follow","max-snippet":"max-snippet:-1","max-image-preview":"max-image-preview:large","max-video-preview":"max-video-preview:-1"},"canonical":"https:\/\/www.spmar.com.br\/web\/servicos\/cargas-especiais\/","og_locale":"pt_BR","og_type":"article","og_title":"Cargas Especiais - Somos o caminho que te conecta ao que mais importa!","og_description":"Cargas Especiais Para trafegar nos trechos Sul e Leste do Rodoanel M\u00e1rio Covas, administrado pela SPMAR, a legisla\u00e7\u00e3o estadual (Portaria 064\/016 do DER\/SP) prev\u00ea que toda carga excepcional que exceder ao menos um dos limites listados abaixo deve ter o tr\u00e2nsito programado junto \u00e0 Concession\u00e1ria com anteced\u00eancia m\u00ednima de 24 horas da data de tr\u00e2nsito [&hellip;]","og_url":"https:\/\/www.spmar.com.br\/web\/servicos\/cargas-especiais\/","og_site_name":"Somos o caminho que te conecta ao que mais importa!","article_publisher":"https:\/\/www.facebook.com\/spmar.rodoanel","article_modified_time":"2026-01-23T18:06:16+00:00","og_image":[{"width":1106,"height":1194,"url":"https:\/\/www.spmar.com.br\/web\/wp-content\/uploads\/2024\/07\/cargaespecial_provisorio.webp","type":"image\/webp"}],"twitter_card":"summary_large_image","twitter_misc":{"Est. tempo de leitura":"2 minutos"},"schema":{"@context":"https:\/\/schema.org","@graph":[{"@type":"WebPage","@id":"https:\/\/www.spmar.com.br\/web\/servicos\/cargas-especiais\/","url":"https:\/\/www.spmar.com.br\/web\/servicos\/cargas-especiais\/","name":"Cargas Especiais - Somos o caminho que te conecta ao que mais importa!","isPartOf":{"@id":"https:\/\/www.spmar.com.br\/web\/#website"},"primaryImageOfPage":{"@id":"https:\/\/www.spmar.com.br\/web\/servicos\/cargas-especiais\/#primaryimage"},"image":{"@id":"https:\/\/www.spmar.com.br\/web\/servicos\/cargas-especiais\/#primaryimage"},"thumbnailUrl":"https:\/\/www.spmar.com.br\/web\/wp-content\/uploads\/2024\/07\/cargaespecial_provisorio.webp","datePublished":"2017-08-08T12:27:21+00:00","dateModified":"2026-01-23T18:06:16+00:00","breadcrumb":{"@id":"https:\/\/www.spmar.com.br\/web\/servicos\/cargas-especiais\/#breadcrumb"},"inLanguage":"pt-BR","potentialAction":[{"@type":"ReadAction","target":["https:\/\/www.spmar.com.br\/web\/servicos\/cargas-especiais\/"]}]},{"@type":"ImageObject","inLanguage":"pt-BR","@id":"https:\/\/www.spmar.com.br\/web\/servicos\/cargas-especiais\/#primaryimage","url":"https:\/\/www.spmar.com.br\/web\/wp-content\/uploads\/2024\/07\/cargaespecial_provisorio.webp","contentUrl":"https:\/\/www.spmar.com.br\/web\/wp-content\/uploads\/2024\/07\/cargaespecial_provisorio.webp","width":1106,"height":1194},{"@type":"BreadcrumbList","@id":"https:\/\/www.spmar.com.br\/web\/servicos\/cargas-especiais\/#breadcrumb","itemListElement":[{"@type":"ListItem","position":1,"name":"Home","item":"https:\/\/www.spmar.com.br\/web\/"},{"@type":"ListItem","position":2,"name":"Atendimento ao Usu\u00e1rio","item":"https:\/\/www.spmar.com.br\/web\/servicos\/"},{"@type":"ListItem","position":3,"name":"Cargas Especiais"}]},{"@type":"WebSite","@id":"https:\/\/www.spmar.com.br\/web\/#website","url":"https:\/\/www.spmar.com.br\/web\/","name":"SPMAR","description":"A Concession\u00e1ria SPMAR atua na administra\u00e7\u00e3o dos Trechos Sul e Leste do Rodoanel Mario Covas e, com isso,\u00e9 respons\u00e1vel pela gest\u00e3o de 76% do Rodoanel Metropolitano de S\u00e3o Paulo em opera\u00e7\u00e3o.","publisher":{"@id":"https:\/\/www.spmar.com.br\/web\/#organization"},"potentialAction":[{"@type":"SearchAction","target":{"@type":"EntryPoint","urlTemplate":"https:\/\/www.spmar.com.br\/web\/?s={search_term_string}"},"query-input":{"@type":"PropertyValueSpecification","valueRequired":true,"valueName":"search_term_string"}}],"inLanguage":"pt-BR"},{"@type":"Organization","@id":"https:\/\/www.spmar.com.br\/web\/#organization","name":"Concession\u00e1ria SPMAR","url":"https:\/\/www.spmar.com.br\/web\/","logo":{"@type":"ImageObject","inLanguage":"pt-BR","@id":"https:\/\/www.spmar.com.br\/web\/#\/schema\/logo\/image\/","url":"https:\/\/www.spmar.com.br\/web\/wp-content\/uploads\/2017\/11\/logo_H.jpg","contentUrl":"https:\/\/www.spmar.com.br\/web\/wp-content\/uploads\/2017\/11\/logo_H.jpg","width":448,"height":97,"caption":"Concession\u00e1ria SPMAR"},"image":{"@id":"https:\/\/www.spmar.com.br\/web\/#\/schema\/logo\/image\/"},"sameAs":["https:\/\/www.facebook.com\/spmar.rodoanel","https:\/\/www.linkedin.com\/company\/spmarbr\/","https:\/\/www.instagram.com\/spmarbr\/"]}]}},"jetpack_sharing_enabled":true,"_links":{"self":[{"href":"https:\/\/www.spmar.com.br\/web\/wp-json\/wp\/v2\/pages\/111","targetHints":{"allow":["GET"]}}],"collection":[{"href":"https:\/\/www.spmar.com.br\/web\/wp-json\/wp\/v2\/pages"}],"about":[{"href":"https:\/\/www.spmar.com.br\/web\/wp-json\/wp\/v2\/types\/page"}],"author":[{"embeddable":true,"href":"https:\/\/www.spmar.com.br\/web\/wp-json\/wp\/v2\/users\/1"}],"replies":[{"embeddable":true,"href":"https:\/\/www.spmar.com.br\/web\/wp-json\/wp\/v2\/comments?post=111"}],"version-history":[{"count":35,"href":"https:\/\/www.spmar.com.br\/web\/wp-json\/wp\/v2\/pages\/111\/revisions"}],"predecessor-version":[{"id":5597,"href":"https:\/\/www.spmar.com.br\/web\/wp-json\/wp\/v2\/pages\/111\/revisions\/5597"}],"up":[{"embeddable":true,"href":"https:\/\/www.spmar.com.br\/web\/wp-json\/wp\/v2\/pages\/18"}],"wp:featuredmedia":[{"embeddable":true,"href":"https:\/\/www.spmar.com.br\/web\/wp-json\/wp\/v2\/media\/3966"}],"wp:attachment":[{"href":"https:\/\/www.spmar.com.br\/web\/wp-json\/wp\/v2\/media?parent=111"}],"curies":[{"name":"wp","href":"https:\/\/api.w.org\/{rel}","templated":true}]}}